
In base 14, what is -237 + -10427?
-10660
In base 15, what is -3 + 319a7?
319a4
In base 10, what is 245971 + 67?
246038
In base 13, what is -5a7a30 + -5?
-5a7a35
In base 12, what is 391 - -77a7?
7b78
In base 2, what is -10 - 110111111010011110110?
-110111111010011111000
In base 9, what is 5 - 46587784?
-46587778
In base 11, what is a737 - -112?
a849
In base 4, what is 131 - -123303221033?
123303221230
In base 9, what is 5 - 166831623?
-166831617
In base 6, what is 22414 - 12534414?
-12512000
In base 16, what is -14c5a5e - c?
-14c5a6a
In base 11, what is -998752659 - -2?
-998752657
In base 4, what is 13223303030211 - 0?
13223303030211
In base 14, what is 3b + 4bc05b?
4bc098
In base 4, what is -212112 - 33323333?
-100202111
In base 3, what is 12 - -112011120101?
112011120120
In base 14, what is 5635 - -3c5a?
9491
In base 3, what is 1002122120012 - -110?
1002122120122
In base 13, what is -4b676a + -7?
-4b6774
In base 4, what is 12013120303 - -321?
12013121230
In base 10, what is 15366644 + -12?
15366632
In base 11, what is -2 - -2217725?
2217723
In base 7, what is -401060421 - 1?
-401060422
In base 16, what is -7 + -57f0e7?
-57f0ee
In base 11, what is -5 + -5aa912?
-5aa917
In base 4, what is 1122 + 13101010?
13102132
In base 7, what is -146323 + 132?
-146161
In base 11, what is 0 + 245215?
245215
In base 12, what is -417 + -2242?
-2659
In base 13, what is -8a96 + -476?
-923c
In base 4, what is 3010312 + -30232?
2320020
In base 2, what is -11111100001001100000 - 100011000?
-11111100001101111000
In base 4, what is 1 - 111100001303?
-111100001302
In base 16, what is 204 - 19f21?
-19d1d
In base 13, what is -4 + 45224?
45220
In base 9, what is 48620 + -6073?
42536
In base 5, what is -244230 + 200321?
-43404
In base 16, what is 246 + df01?
e147
In base 10, what is -425955 - -83?
-425872
In base 6, what is 1435043 + 35423?
1514510
In base 2, what is -100100100100 + 111110100110?
11010000010
In base 4, what is -1111301121212203 - -3?
-1111301121212200
In base 13, what is -31533 - 1180?
-326b3
In base 6, what is 1550232 + 124?
1550400
In base 12, what is -3 - 10aa217?
-10aa21a
In base 11, what is 32 - 1905300?
-1905279
In base 11, what is -3139304 + 58?
-3139257
In base 11, what is -938a2718 - -4?
-938a2714
In base 7, what is 2 - -44066530?
44066532
In base 11, what is 11 - a264a?
-a2639
In base 11, what is 352 + -532591?
-53223a
In base 4, what is -123331310 + 203?
-123331101
In base 8, what is 5 + 1234052612?
1234052617
In base 6, what is -55511445 + 131?
-55511314
In base 4, what is 32 + 1202213122210?
1202213122302
In base 9, what is 144245 + -83?
144152
In base 8, what is -14 - -166075?
166061
In base 15, what is e05 + -6e1?
714
In base 2, what is 10110 + 11110100000100011?
11110100000111001
In base 9, what is -131527 + 480?
-131037
In base 11, what is -1a - -4252328?
4252309
In base 16, what is -d8 + 2bbd?
2ae5
In base 16, what is 8c0736 - 15?
8c0721
In base 5, what is -23243200320 - 10?
-23243200330
In base 3, what is -111010100 + 1001211?
-110001112
In base 10, what is -4 - -10553437?
10553433
In base 11, what is a4013673 + -1?
a4013672
In base 3, what is 2212011 - -22222222?
102212010
In base 11, what is 25 - -622387?
622401
In base 3, what is 22220101221110 - 2102?
22220101212001
In base 14, what is -d - 224945?
-224954
In base 16, what is -90973 - 12?
-90985
In base 8, what is -2337 - -24452?
22113
In base 12, what is 3bb73041 + -3?
3bb7303a
In base 7, what is 101254 + 2?
101256
In base 16, what is 4ac44 + f?
4ac53
In base 13, what is c7907 - 51?
c7886
In base 11, what is -925 - 4627?
-5451
In base 2, what is -1000110010011 - -110111110?
-111111010101
In base 10, what is -1832 + 2071?
239
In base 14, what is 18082 + -15b?
17d25
In base 5, what is 1443430 + -32344?
1411031
In base 5, what is -140 - -413103?
412413
In base 10, what is -53039402 - -1?
-53039401
In base 7, what is -4 - 24502313?
-24502320
In base 4, what is 10 + 13201103032312?
13201103032322
In base 13, what is 46 - -3165209?
3165252
In base 13, what is 158 - 93a98b?
-93a833
In base 16, what is 5e31d - 8c8?
5da55
In base 4, what is 32 + -2121202310?
-2121202212
In base 6, what is 2102144 + -53?
2102051
In base 3, what is -102012102122 - 2001?
-102012111200
In base 5, what is 3 - 112413012401?
-112413012343
In base 3, what is 211 - 122202122221121?
-122202122220210
In base 2, what is 10001011110100111001001101 + -10011?
10001011110100111000111010
In base 10, what is -135 + 8269023?
8268888
In base 6, what is 3 - -45125400205?
45125400212
In base 3, what is -222 + -1001220200011222?
-1001220200012221
In base 11, what is 6032a5 - -544?
603839
In base 8, what is 450071 + -7441?
440430
In base 15, what is -275075 - -4?
-275071
In base 4, what is 2300012301202 - 0?
2300012301202
In base 16, what is -a8d4 - -1b5?
-a71f
In base 3, what is 220 + 1101102211000?
1101102211220
In base 5, what is -233444020 + 1101?
-233442414
In base 10, what is 1593376 + -7?
1593369
In base 4, what is 33032 - 2121121?
-2022023
In base 4, what is -1030320 - 10203200?
-11300120
In base 8, what is -527 + -14536542?
-14537271
In base 6, what is 110334 + 130?
110504
In base 4, what is -20 + 1033100122130?
1033100122110
In base 8, what is -65332 + 6144?
-57166
In base 16, what is -37ee5f + -2?
-37ee61
In base 16, what is 6fe6 + 922b?
10211
In base 2, what is 11000010000100010101001010 - 101?
11000010000100010101000101
In base 15, what is -24 + -c4240?
-c4264
In base 10, what is -397610 + -17?
-397627
In base 5, what is -231112213 - 4?
-231112222
In base 12, what is a9378 + 3a?
a93b6
In base 5, what is 314 + -1012040?
-1011221
In base 2, what is -11 + 1011000101010100011100?
1011000101010100011001
In base 3, what is 1111202 + 110210?
1222112
In base 5, what is 211431234 - -101?
211431340
In base 8, what is -13052614 + 17?
-13052575
In base 9, what is 32 + -24010?
-23867
In base 14, what is 9971560 + 5?
9971565
In base 13, what is a394 + 118a5?
1bc69
In base 3, what is 1001 + -1002100110102022?
-1002100110101021
In base 9, what is -3 - 41307844?
-41307847
In base 9, what is -2 + -24480266?
-24480268
In base 15, what is 1a35a4 + -2?
1a35a2
In base 11, what is -85 - 962942?
-962a17
In base 15, what is -7 + 6751?
6749
In base 3, what is 1012011020121 - 2?
1012011020112
In base 8, what is 2746270165 - 5?
2746270160
In base 9, what is 13180054 - -5?
13180060
In base 12, what is 253432 + 349?
25377b
In base 16, what is 2ce5b58 - 1?
2ce5b57
In base 14, what is -4015 - -3388?
-a6b
In base 5, what is -1143 - 2443023?
-2444221
In base 11, what is 70188 + -2073?
69115
In base 13, what is 9 + 109662b?
1096637
In base 6, what is 3035254 + 213?
3035511
In base 11, what is 1a3 - -7643?
7836
In base 2, what is -10100101 + -111000110011101101?
-111000110110010010
In base 11, what is a54 + 44142?
45096
In base 3, what is 10222212210 + -221?
10222211212
In base 14, what is 28 + -7bdcac?
-7bdc84
In base 3, what is -102221012100101 + 11?
-102221012100020
In base 6, what is -15204 - 45303?
-104511
In base 10, what is 511770388 - 1?
511770387
In base 11, what is 12 + 183344?
183356
In base 5, what is 11 - -112332312033?
112332312044
In base 14, what is -339 + -1dcd7?
-20232
In base 15, what is -9ed27c - a4?
-9ed331
In base 12, what is 2ba4694 + 4?
2ba4698
In base 7, what is -11 + 400006365?
400006354
In base 16, what is -149 - ca00?
-cb49
In base 12, what is b - -b539033?
b539042
In base 9, what is -1 - -5273776?
5273775
In base 7, what is 654546463 - 5?
654546455
In base 4, what is 1012 - -221200102?
221201120
In base 5, what is 22312312 - 100?
22312212
In base 6, what is -442544 + 31?
-442513
In base 5, what is -233234004 + 140?
-233233314
In base 5, what is 41423 - -134002?
230430
In base 13, what is 1092451b - 2?
10924519
In base 13, what is -175c7b + 10?
-175c6b
In base 9, what is -1 + -22723471?
-22723472
In base 5, what is 2 + 3322410341?
3322410343
In base 15, what is bc73 + c6?
bd49
In base 3, what is 10212 + 10121220?
10202202
In base 2, what is 0 - -1101110001011101110000000?
1101110001011101110000000
In base 3, what is -1102221220012 - -112?
-1102221212200
In base 4, what is 12113 - 31110?
-12331
In base 6, what is 1 + 542445021?
542445022
In base 7, what is 10310 + 135450?
146060
In base 7, what is -30 - 12604221?
-12604